2. Let q be b(2). Calculate the highest common divisor of q and 20.
10
Let l = 179 + -95. What is the highest common factor of l and 12?
12
Let k = -6 + 6. Suppose k = 3*a + 2*a - 15. Calculate the greatest common divisor of 2 and a.
1
Let t(n) = 21*n**2 - 1. Let g be t(1). Suppose 3*v + g = 3*o + 2*v, -o - v = -4. Calculate the highest common divisor of o and 1.
1
Let w = -22 - -27. Suppose 0 = -5*q + 2*q - w*x + 542, -970 = -5*q + 5*x. Calculate the highest common divisor of q and 27.
27
Let d = 9 - 19. Let m be (-10)/25 + (-4)/d. Suppose 3*u - u + 4 = m, 4*j - 554 = 5*u. What is the greatest common factor of 17 and j?
17
Let g = -75 - -104. What is the highest common divisor of g and 319?
29
Let s be 325/13 - (-2 - -1). What is the highest common factor of s and 13?
13
Suppose 92 = 3*m + m. Let s = 195 - -12. What is the greatest common divisor of m and s?
23
Let g(h) = h**2 + 5*h + 1. Let s be g(-6). Let f(o) = o - 1. Let r be f(s). Let x = 44 + -26. What is the highest common divisor of r and x?
6
Let x(z) = z**2 - 8*z + 4. Let t be x(7). Let d be (t/9)/(2/6). Let i(b) = 7*b**2 - b. Let r be i(d). Calculate the greatest common divisor of r and 80.
8
Let g = 286 - 132. Let z be ((-868)/(-93))/(5/3 + -1). Calculate the highest common factor of z and g.
14
Suppose 0*z + 70 = z. Calculate the greatest common divisor of 14 and z.
14
Let l be (-15)/(-12) - (-9)/12. Suppose -l*d = d - 36. Suppose 3*g - 32 = 22. What is the highest common factor of d and g?
6
Suppose -4*p = 3*s - p - 12, 20 = 5*s - 5*p. Suppose 2*g = -s*l + 66, 4*g = -0*l + 2*l - 8. What is the greatest common divisor of l and 126?
14
Let w(f) = -2*f**2 - f + 72. Let b be w(0). What is the greatest common divisor of b and 54?
18
Let r(a) = 16*a**2 - 6*a + 5. Let j be r(1). What is the greatest common factor of 5 and j?
5
Let d be 982/10 - 13/65. Calculate the highest common divisor of 14 and d.
14
Let j(a) = 16*a - 12. Let l be j(5). Calculate the highest common factor of l and 170.
34
Let v = -5 + -8. Let n = 53 + v. Suppose x - 3*z + 4 = -0*z, -3*x + 8 = -4*z. What is the highest common divisor of n and x?
8
Let r(y) = 16*y**2 + y - 1. Let d be r(1). What is the highest common factor of d and 4?
4
Let j be (2/4)/((-2)/(-36)). Let z(c) = c**2 - c - 3. Let i be z(-5). What is the highest common divisor of j and i?
9
Let s = 58 - 38. Let b = 30 - 17. Let d = b + -8. Calculate the greatest common divisor of s and d.
5
Let u be -15*3/(-9)*5. What is the greatest common divisor of 200 and u?
25
Suppose -5*x - 20 = 0, -5*d = -4*d - 2*x - 160. Calculate the highest common factor of d and 19.
19
Suppose 4*u + 3*u = 1134. Calculate the highest common divisor of u and 18.
18
Let h = 18 + 30. What is the greatest common factor of 384 and h?
48
Suppose 0 = d - 4*k - 28, 0*k = -d + 5*k + 31. Calculate the highest common factor of d and 80.
16
Let u = -19 + 29. Let n be 6 - (-16)/(-48)*(-10 + -2). Calculate the highest common divisor of n and u.
10
Suppose 0 = 9*b - 230 + 50. Suppose 2*v + 1 = 9. What is the greatest common factor of v and b?
4
Suppose -2*j + 5*p - 3*p + 14 = 0, 4*j = p + 16. Suppose 25 = j*r - 65. What is the highest common factor of r and 10?
10
Let t be ((-20)/12)/(2/(-36)). Calculate the greatest common factor of t and 6.
6
Suppose -p + 3*p + 34 = 4*u, u - 2*p - 10 = 0. Let c be -1*3*8/(-12). Calculate the highest common factor of u and c.
2
Suppose 3*h - 16 = -2*u, -3*u - 5*h + 32 = u. What is the greatest common factor of 72 and u?
8
Suppose -3*r - 78 = -2*y + 117, 0 = y + 5*r - 65. Let c be ((-6)/(-5))/(1672/(-240) - -7). Calculate the greatest common factor of y and c.
18
Suppose -a - 353 = -4*m, 5*m + 3*a - 290 = 164. Let i = m + -57. Suppose -4*t + 33 = -31. Calculate the greatest common factor of i and t.
16
Let q = 117 + -71. What is the greatest common divisor of q and 69?
23
Let s(u) = -u**2 - u + 70. Let x be 0*(-2)/4 - 0. Let i be s(x). Calculate the highest common factor of 10 and i.
10
Suppose -3*b = 2*c - 42, b - c - 17 - 2 = 0. Suppose -b - 24 = -4*l. Let v = -7 + l. Calculate the greatest common divisor of v and 3.
3
Suppose 7*q - 10 = 53. Let d(v) = -v**3 + 2*v**2 + 2*v - 3. Let j be d(-3). Calculate the greatest common factor of j and q.
9
Let h be (24/(-9) + 2)*-42. Let x = 43 - h. What is the highest common divisor of 5 and x?
5
Suppose 2*f - 200 = -2*f. Let a = -3 + 13. What is the highest common divisor of a and f?
10
Let b(a) = -a**3 - a**2. Let u be b(-2). Calculate the highest common divisor of u and 4.
4
Suppose 3*n - 4*n = -7. What is the highest common divisor of 7 and n?
7
Suppose 0*t = -t + 1. Let w be 1 - (1 + t - -1). Let r(c) = -4*c - 2. Let a be r(w). Calculate the highest common divisor of 60 and a.
6
Let u = -15 + -6. Let s be u/4 - (-4)/16. Let r(n) = -10*n. Let h be r(s). Calculate the greatest common divisor of h and 10.
10
Let o = 367 + -168. Let i = o + -101. What is the highest common divisor of i and 14?
14
Let g(l) = 4*l**2 + 5*l - 5. Let w be g(3). Calculate the highest common factor of w and 69.
23
Let a be 20/(-15)*(-6)/4. Calculate the highest common factor of 2 and a.
2
Suppose 8*c = 244 + 12. What is the highest common factor of 64 and c?
32
Let g = 15 + -7. Suppose -5*w + 2 + 2 = 4*a, -2*a = 2*w - 2. Calculate the greatest common factor of a and g.
1
Let y = -24 - -37. Let c = 98 + -59. Calculate the greatest common factor of c and y.
13
Suppose 24 = -15*f + 17*f. Calculate the greatest common factor of 8 and f.
4
Suppose 81 = 5*z - 4. Suppose 5*v - 253 = -5*y + 322, -3*y + 349 = 2*v. Calculate the greatest common factor of y and z.
17
Suppose -7*v + 5*v = -14. Suppose 0 = -v*j + 2*j + 25. What is the highest common divisor of 35 and j?
5
Suppose -4*p - 7 = -5*p. Suppose 70 = 2*y - p*y. Let d be y/3*(-18)/1. What is the highest common factor of 12 and d?
12
Let j = -9 + 3. Let r be (-66)/2*2/j. Suppose 0 = 5*z - 15, 3*z = -4*h - 2*z + 323. Calculate the greatest common factor of r and h.
11
Let c(i) = -5*i + 12. Let q be c(2). Calculate the highest common divisor of q and 4.
2
Let u be (4/(-8))/(4/(-64)). Calculate the highest common factor of 64 and u.
8
Let i be ((-4)/3)/((-4)/18). Suppose 0 = -2*g - 0*g + i. Let s be (-2)/(((-2)/(-3))/(-1)). What is the highest common factor of g and s?
3
Let x = 20 - -133. Let m(h) = 2*h - 6. Let c(a) = 1. Let p(s) = -c(s) - m(s). Let q be p(-6). What is the highest common divisor of x and q?
17
Let r = 114 - 234. Let l(b) = -194*b**2 + b. Let p be l(-1). Let z = r - p. What is the highest common factor of z and 30?
15
Suppose 3*b = -4*u + 16, b + 5*u = 3*b + 20. Let y = 5 - 6. Let a be y - -1 - (-1 - b). Calculate the highest common divisor of 4 and a.
1
Suppose -4*q + 85 = i - 0*i, -2*i + 2*q = -120. What is the greatest common divisor of 13 and i?
13
Let x = 154 - 88. Calculate the highest common factor of 6 and x.
6
Let f(l) be the first derivative of -l**3/3 + 7*l**2/2 + 4*l - 3. Let t be f(7). What is the greatest common factor of 32 and t?
4
Let g(v) = -v**2 + 9*v - 9. Let l be g(7). Suppose 0 = -l*c - 7*q + 4*q + 176, -3*c + 5*q + 92 = 0. What is the greatest common divisor of 51 and c?
17
Let a = -141 + 328. Let d(f) = -19*f**3 + f**2 - 1. Let j be d(-1). Let t = 36 - j. Calculate the greatest common factor of a and t.
17
Let k(p) = 2*p**2 - 15*p + 6. Let c be k(8). What is the highest common factor of 98 and c?
14
Let x(p) = -p + 12. Let z be x(8). Let f be 2/(-4)*z/(-2). Let w be 45 + (-1 + f)/(-1). Calculate the greatest common factor of w and 30.
15
Suppose 2*j = j + 7. Let h = j + 2. Let w be ((-30)/25)/(2/(-5)). Calculate the highest common factor of w and h.
3
Let z(p) = p**2 + 6*p - 8. Let u be z(-8). Calculate the greatest common factor of 20 and u.
4
Let z(j) = -3*j**3 - 3*j**2 + 3*j + 1. Let b be z(-3). Calculate the greatest common factor of b and 69.
23
Let y(s) = 3*s - 2. Let b be y(10). What is the highest common factor of b and 4?
4
Let g be (14/(-3))/(1/(-3)). Calculate the greatest common factor of 28 and g.
14
Suppose 0*l - 3*l = j - 99, -l = -4*j + 435. Calculate the greatest common factor of j and 12.
12
Let b(y) = y**2 - 7*y - 9. Let w(z) = -4 + 3 + 8*z**2 + 4 - 2. Let a be w(1). Let p be b(a). Calculate the greatest common divisor of p and 1.
1
Le